r when ((-14)/(-21))/(1/69) is divided by 48/28*(2 - v).
10
Suppose -z + 2*r - 5*r = -20, -17 = -z - 4*r. Suppose -4*b - 4*u = 46 + 10, -2*b - 48 = -3*u. Let d = z + b. What is the remainder when 21 is divided by d?
10
What is the remainder when ((-5)/5)/(2/(-122)) is divided by 21?
19
Suppose 0 = k - 5*y - 39 + 5, y = -5*k + 40. Let m(d) = -3 + 10 + 2 - k*d - d**2. What is the remainder when m(-8) is divided by 9?
8
Let o(i) = i - 1. Let s be o(-1). Let l = 39 - 27. What is the remainder when (s/(-3))/((-2)/(-69)) is divided by l?
11
Let x = 24 - 17. Calculate the remainder when 24 is divided by x.
3
Let l be 4*(0 + -2 - -3). Let k(v) = 0*v**2 + v**2 + 5*v + 1 - 2*v**2. What is the remainder when 8 is divided by k(l)?
3
Let c(j) = -j**2 + 5*j + 1. Let u be c(4). Let o be (((-48)/(-1))/3)/1. Suppose o = 4*l, -9 - 15 = -u*v - l. Calculate the remainder when v is divided by 2.
0
Let y be (6/(-5))/((-14)/35). Suppose -30 = -y*w + 2*m - 0*m, 4*w + 2*m = 26. What is the remainder when 15 is divided by w?
7
Let g be ((-1)/3)/(1/(-6)). Let v(w) = 3*w - 1. Calculate the remainder when 24 + g/(-2) + 0 is divided by v(3).
7
Let o(f) = f**2 + 2*f - 8. What is the remainder when o(-6) is divided by 5?
1
Let c = 0 - 3. What is the remainder when 11 is divided by -9*(5/c + 1)?
5
Suppose p + 2*g = -17 - 3, -4*g = -2*p - 40. Let t = -5 - p. Calculate the remainder when 42 is divided by t.
12
Let m = 2 + 10. What is the remainder when m is divided by 4?
0
Let j be -1 - (0 + 1)*-6. Suppose -8 = k - j*k. Suppose 4*p - 8 = 0, -3*a - 6 + 107 = -k*p. Calculate the remainder when a is divided by 12.
11
Suppose -7*p + 95 = -2*p. Suppose 3*l - 2*m = 20, m - 7 = -3*l + p. Calculate the remainder when 31 is divided by l.
7
Suppose -p + 124 = 2*p - 4*f, p - 5*f = 45. Suppose -u + 32 = 2*h - h, 0 = 2*h - 4*u - p. Calculate the remainder when h is divided by 3*(1 + (1 - -3)).
13
Let k = -4 + 2. Let r be (-1)/k*(7 + -7). Suppose -96 = -r*j - 4*j. What is the remainder when j is divided by 13?
11
Suppose -d = 2 - 19. Suppose 45 = 2*u - d. Suppose 0 = 2*h - 0*h - 4*r - 6, 13 = 3*h - 5*r. Calculate the remainder when u is divided by h.
9
Let j = -18 + 20. Suppose 5*p + 29 = 5*v + j*p, 3*v - 3*p - 15 = 0. Calculate the remainder when v is divided by (-2)/(-6)*(9 + 0).
1
Suppose 0 = -a - a. Suppose -m = -a - 1. Calculate the remainder when m is divided by 1.
0
What is the remainder when 81 is divided by 63/(-6)*(-4 + 2)?
18
Suppose 0 = 3*p - p - 104. Calculate the remainder when p is divided by ((-1)/(-2))/(2/72).
16
Suppose 21*n - 22*n + 59 = 0. Calculate the remainder when n is divided by 21.
17
Let v(d) = -d**3 + 5*d**2 + 16*d. What is the remainder when 67 is divided by v(7)?
11
What is the remainder when 301/14 - (-2)/(-4) is divided by 2/10 - (-54)/5?
10
Suppose 5*a + 39 = 4. Let k(g) = g**2 + 7*g + 9. Let y = 34 - 8. What is the remainder when y is divided by k(a)?
8
What is the remainder when (5 - (0 - -2)) + 108 is divided by 23?
19
Suppose -17*v - 133 = -24*v. Calculate the remainder when ((-1)/(1/55))/(-1) is divided by v.
17
Suppose 4*j - 19 = 9. What is the remainder when 20 is divided by j?
6
Let w(f) be the first derivative of -f**3/3 - 6*f**2 + 2*f + 2. What is the remainder when w(-8) is divided by 12?
10
Let l be (-16023)/(-39) - 2/(-13). Suppose 0 = 4*n - l + 63. What is the remainder when n is divided by 30?
27
Let p(r) = r**3 + 10*r**2 - 13*r - 12. Let q be p(-11). Suppose -120 = 6*z - q*z. Calculate the remainder when 88 is divided by z.
28
Let r = 43 + -41. What is the remainder when 5 is divided by r?
1
Let y be ((-2)/(-4))/((-1)/(-58)). Let b(v) = -2*v**2 - 2*v. Let j be b(-2). Let p = y - j. What is the remainder when p is divided by 12?
9
Let r(l) = -9*l + 4. Let v be r(-7). Let b = -46 + v. Let q = b - 13. Calculate the remainder when 14 is divided by q.
6
Let u = -84 + 127. What is the remainder when u is divided by 22?
21
Let k be 3*1 - (-10 - -10). Suppose -a - k*u = -8, -3*u + 40 = 2*a + 3*a. What is the remainder when 21 is divided by a?
5
Let b(n) = -n + 15. What is the remainder when 8 is divided by b(10)?
3
Suppose q - 5*b = 1, -4*q + 4*b - 5*b = -88. Suppose 8 + 8 = -4*z, 3*z + 30 = 3*o. Calculate the remainder when q is divided by o/(-9) + 40/6.
3
Suppose -5*y + 10 = -0*y. Let q(j) = j - 1. Calculate the remainder when y is divided by q(2).
0
Suppose -3*d - 2*o = 2*d - 176, 2*d + 4*o - 80 = 0. What is the remainder when 100 is divided by d?
32
Let o(x) = 1 - 4*x**2 + 10*x**2 - 3*x**2 - 3. What is the remainder when o(-3) is divided by 9?
7
Let z be 1 - (1 + 2)/(-3). Let v be z/1 + 2*1. Let c = v + 2. What is the remainder when 10 is divided by c?
4
Let f = -1 - -14. Calculate the remainder when 50 is divided by f.
11
Let n be 3 + -2 + -1 + 5. Suppose n*t + 10 = 0, -2*u + u = 5*t - 15. Calculate the remainder when u is divided by (-35)/(-4) - (-1)/4.
7
Let t be (27/18)/((-3)/4). Let p = 5 + t. Suppose p*i - 140 = -i. Calculate the remainder when i is divided by 19.
16
Suppose 0 = -35*a + 28*a + 84. Calculate the remainder when 178 is divided by a.
10
Suppose 0 = 2*p - 14 - 12. What is the remainder when 37 is divided by p?
11
Let x = -3 - -8. Suppose x*d + 22 = 6*d - 5*j, 2*d - 22 = -j. Let c(a) = a**3 - 2*a**2 - 2*a - 1. Calculate the remainder when c(4) is divided by d.
11
What is the remainder when (8/3)/((-14)/(-105)) is divided by 7?
6
Suppose -3*q + 4*l = -38, 8*q - 46 = 3*q - 2*l. Let p = -9 + q. Calculate the remainder when (-30)/(-18) + (-4)/6 is divided by p.
0
Let s(n) = -11*n - 3*n + n - 8 - n**2. What is the remainder when 65 is divided by s(-10)?
21
Let o(i) = 2 - 5*i + 0 + 0. Calculate the remainder when 23 is divided by o(-2).
11
Let q = -1 + 1. Suppose 3 = o - q*o. Let k = -26 - -30. Calculate the remainder when k is divided by o.
1
Suppose 2*l - 2*p = 8, 1 + 24 = 4*l + 5*p. Suppose 2 = -h + v + l, 4*v = 2*h + 4. Calculate the remainder when 14 is divided by h.
6
Suppose 5*q - 3*p + 45 = -0*p, 3*p = -q + 9. Let u = q + 9. Suppose 5*y - 3 = u*b - 7*b, 3*b + 3 = -2*y. What is the remainder when 8 is divided by y?
2
Suppose -3*c + 13 + 10 = 2*h, -26 = -c + 3*h. Suppose 83 = -c*z + 12*z. What is the remainder when z is divided by 28?
27
Let i = -3 + 4. Suppose -u + 0 = -4. Suppose 0*g + 4 = -u*g + 2*a, -2*g - 4*a = -18. What is the remainder when i is divided by g?
0
Let s be (-6)/(2 + 1) - -4. Suppose 9 + 9 = -s*c. Let q = c + 16. Calculate the remainder when 19 is divided by q.
5
Let g be (-4)/14 + 36/28. Calculate the remainder when 20 is divided by 14/(4/2)*g.
6
Let j be 5/(30/4)*-3. Let u = j - -5. Let f = 3 + 1. Calculate the remainder when f is divided by u.
1
Suppose 0 = -2*z + 2*q - 6*q + 16, -4*q = z - 8. Calculate the remainder when 28 is divided by z.
4
Suppose -25 = -q + 9. Suppose 7*h = 5*h + q. What is the remainder when 65 is divided by h?
14
Let p = -17 + 20. Suppose p*k = -3, c + k - 39 = -3*c. Calculate the remainder when 28 is divided by c.
8
Let o = 166 - 134. Calculate the remainder when o is divided by 11.
10
Suppose -5*t - 64 + 255 = -3*l, 4*t - 152 = 2*l. Let k = t + -22. Calculate the remainder when 29 is divided by k.
14
Let h(x) = -x**3 - 2*x**2 + 4*x - 2. Let u(s) = -s**3 + s - 2. What is the remainder when u(-3) is divided by h(-4)?
8
Let x(s) = 4*s**2 + s - 2. Let w = 35 - 26. Calculate the remainder when x(2) is divided by w.
7
Let h = 94 + -91. What is the remainder when 13 is divided by h?
1
Suppose -g = -9 + 3. Suppose -13 = -q - 9. What is the remainder when g is divided by q?
2
Calculate the remainder when ((-245)/25 - -3)*10/(-4) is divided by 6.
5
Suppose 0 = 4*y + c - 138 + 4, -5*c + 142 = 4*y. Calculate the remainder when y/55 + (-344)/(-10) is divided by 13.
9
Let u(y) = -y**3 + 8*y**2 - 8*y. Let x be u(7). Let c = 19 + x. Suppose -14 - 56 = -2*g. Calculate the remainder when g is divided by c.
11
Let i = 33 + -10. What is the remainder when 67 is divided by i?
21
Let b = 4 - -2. Let g(i) = i**2 - 15*i - 24. Calculate the remainder when g(17) is divided by b.
4
Let p be (-3)/9 + 70/(-6). Let q = 59 + p. Calculate the remainder when q is divided by 12.
11
Let r(n) be the first derivative of -n**3/3 - 4*n**2 + 2. Calculate the remainder when (-2)/(-2) - (2 + -13) is divided by r(-7).
5